{"id":4798,"date":"2022-07-03T16:55:29","date_gmt":"2022-07-03T16:55:29","guid":{"rendered":"https:\/\/euamotrico.com.br\/loja\/?post_type=product&#038;p=4798"},"modified":"2025-09-09T23:47:19","modified_gmt":"2025-09-09T23:47:19","slug":"gorro-favos-de-mel","status":"publish","type":"product","link":"https:\/\/euamotrico.com.br\/loja\/produto\/gorro-favos-de-mel\/","title":{"rendered":"Gorro Favos de Mel &#8211; Rec\u00e9m Nascido"},"content":{"rendered":"<p>Aqui voc\u00ea encontra o PDF desta receita. A receita escrita vem com a orienta\u00e7\u00e3o para um gorro feito nas agulhas retas (com costura). A receita inclui amostra, medidas, lista de materiais e carreiras descritas para a execu\u00e7\u00e3o da pe\u00e7a. \u00c9 uma pe\u00e7a para n\u00edvel iniciante no tric\u00f4 portanto conhecer os pontos b\u00e1sicos no tric\u00f4 facilita a compreens\u00e3o da receita escrita. A pe\u00e7a \u00e9 feita em agulhas retas n\u00b0 4mm.<\/p>\n<p>Ao comprar, voc\u00ea tem acesso ao local de download do arquivo em PDF dispon\u00edvel aqui no site.<\/p>\n<p>Para baixar a receita ap\u00f3s comprar:<br \/>\n1. Entre na loja com seu cadastro.<br \/>\n2. Clique em Minha Conta no menu superior.<br \/>\n3. Clique em Download (3\u00aa op\u00e7\u00e3o no menu \u00e0 esquerda).<\/p>\n<p>Este produto \u00e9 digital, ap\u00f3s sua compra, <strong>n\u00e3o aceitamos trocas ou devolu\u00e7\u00f5es<\/strong>. Qualquer d\u00favida entre em contato por: loja@euamotrico.com.br<\/p>\n<p>\u2764<\/p>\n","protected":false},"excerpt":{"rendered":"<p>Aqui voc\u00ea encontra o PDF da receita escrita do Gorro Favos de Mel. Se voc\u00ea \u00e9 membro do Jardim esta receita est\u00e1 dispon\u00edvel para voc\u00ea no pr\u00f3prio Jardim com v\u00eddeo do passo a passo carreira por carreira.<\/p>\n","protected":false},"featured_media":4799,"comment_status":"open","ping_status":"closed","template":"","meta":[],"class_list":["post-4798","product","type-product","status-publish","has-post-thumbnail","hentry","product_cat-acessorios","product_cat-receita-de-bebe","product_cat-receita-de-trico","product_cat-receitas-escritas","product_tag-gorro-e-touca","product_tag-pecas-para-bebes","product_tag-receitas-escritas"],"jetpack_sharing_enabled":true,"_links":{"self":[{"href":"https:\/\/euamotrico.com.br\/loja\/wp-json\/wp\/v2\/product\/4798","targetHints":{"allow":["GET"]}}],"collection":[{"href":"https:\/\/euamotrico.com.br\/loja\/wp-json\/wp\/v2\/product"}],"about":[{"href":"https:\/\/euamotrico.com.br\/loja\/wp-json\/wp\/v2\/types\/product"}],"replies":[{"embeddable":true,"href":"https:\/\/euamotrico.com.br\/loja\/wp-json\/wp\/v2\/comments?post=4798"}],"version-history":[{"count":2,"href":"https:\/\/euamotrico.com.br\/loja\/wp-json\/wp\/v2\/product\/4798\/revisions"}],"predecessor-version":[{"id":4807,"href":"https:\/\/euamotrico.com.br\/loja\/wp-json\/wp\/v2\/product\/4798\/revisions\/4807"}],"wp:featuredmedia":[{"embeddable":true,"href":"https:\/\/euamotrico.com.br\/loja\/wp-json\/wp\/v2\/media\/4799"}],"wp:attachment":[{"href":"https:\/\/euamotrico.com.br\/loja\/wp-json\/wp\/v2\/media?parent=4798"}],"curies":[{"name":"wp","href":"https:\/\/api.w.org\/{rel}","templated":true}]}}

Gorro Favos de Mel &#8211; Recém Nascido

<p>Aqui você encontra o PDF desta receita. A receita escrita vem com a orientação para um gorro feito nas agulhas retas (com costura). A receita inclui amostra, medidas, lista de materiais e carreiras descritas para a execução da peça. É uma peça para nível iniciante no tricô portanto conhecer os pontos básicos no tricô facilita a compreensão da receita escrita. A peça é feita em agulhas retas n° 4mm.</p>
<p>Ao comprar, você tem acesso ao local de download do arquivo em PDF disponível aqui no site.</p>
<p>Para baixar a receita após comprar:<br />
1. Entre na loja com seu cadastro.<br />
2. Clique em Minha Conta no menu superior.<br />
3. Clique em Download (3ª opção no menu à esquerda).</p>
<p>Este produto é digital, após sua compra, <strong>não aceitamos trocas ou devoluções</strong>. Qualquer dúvida entre em contato por: loja@euamotrico.com.br</p>
<p>❤</p>

<p>Aqui você encontra o PDF da receita escrita do Gorro Favos de Mel. Se você é membro do Jardim esta receita está disponível para você no próprio Jardim com vídeo do passo a passo carreira por carreira.</p>
