{"id":4930,"date":"2022-09-08T20:44:27","date_gmt":"2022-09-08T20:44:27","guid":{"rendered":"https:\/\/euamotrico.com.br\/loja\/?post_type=product&#038;p=4930"},"modified":"2022-09-08T20:50:24","modified_gmt":"2022-09-08T20:50:24","slug":"caixinha-artic","status":"publish","type":"product","link":"https:\/\/euamotrico.com.br\/loja\/produto\/caixinha-artic\/","title":{"rendered":"Caixinha Artic + Acess\u00f3rios + Frete Gr\u00e1tis + Acesso ao Jardim por 2 Meses"},"content":{"rendered":"<p>Esta caixinha cont\u00e9m 2 novelos para tric\u00f4, 2 ponteiras de agulhas de m\u00e3os, 1 tesoura de arremate e 1 agulha de tric\u00f4 circular de 80cm, n\u00b0 8mm. Ao comprar voc\u00ea ganha 2 meses de acesso ao Jardim para acessar todas as receitas e v\u00eddeos l\u00e1 dispon\u00edveis aos apoiadores. O frete desta caixinha \u00e9 gr\u00e1tis. N\u00e3o fazemos a venda para fora do Brasil. Frete gr\u00e1tis para o territ\u00f3rio brasileiro em entrega por transportadora (JadLog).<\/p>\n<p><strong>2 novelos de Artic R$79,78<\/strong><\/p>\n<p>Composi\u00e7\u00e3o: 75% Acr\u00edlico e 25% L\u00e3<\/p>\n<p>Fio: 2500 tex | 200 g | 80 m<\/p>\n<p>Agulha croch\u00ea: 7.0 mm a 10.0 mm<\/p>\n<p>Agulhas tric\u00f4: 9.0 mm a 12.0 mm<\/p>\n<p>Malha de Rendimento: 30 cm x 58 cm &#8211; Ag. Tric\u00f4 12,0 mm<\/p>\n<p><strong>2 ponteiras protetoras de agulhas R$5,00<\/strong><\/p>\n<p><strong>1 tesoura de arremates R$6,50<\/strong><\/p>\n<p><strong>1 agulha de tric\u00f4 circular 80cm n\u00b0 8mm\u00a0 R$25,00<\/strong><\/p>\n<p><strong>2 meses de acesso ao Jardim R$15,98<\/strong><\/p>\n","protected":false},"excerpt":{"rendered":"<p>Esta caixinha cont\u00e9m 2 novelos para tric\u00f4, 2 ponteiras de agulhas de m\u00e3os, 1 tesoura de arremate e 1 agulha de tric\u00f4 circular de 80cm, n\u00b0 8mm. Ao comprar voc\u00ea ganha 2 meses de acesso ao Jardim para acessar todas as receitas e v\u00eddeos l\u00e1 dispon\u00edveis aos apoiadores. O frete desta caixinha \u00e9 gr\u00e1tis. N\u00e3o &hellip;<\/p>\n<p class=\"read-more\"> <a class=\"\" href=\"https:\/\/euamotrico.com.br\/loja\/produto\/caixinha-artic\/\"> <span class=\"screen-reader-text\">Caixinha Artic + Acess\u00f3rios + Frete Gr\u00e1tis + Acesso ao Jardim por 2 Meses<\/span> Leia mais &raquo;<\/a><\/p>\n","protected":false},"featured_media":4931,"comment_status":"open","ping_status":"closed","template":"","meta":[],"class_list":["post-4930","product","type-product","status-publish","has-post-thumbnail","hentry","product_cat-caixinha","product_tag-caixinha"],"jetpack_sharing_enabled":true,"_links":{"self":[{"href":"https:\/\/euamotrico.com.br\/loja\/wp-json\/wp\/v2\/product\/4930","targetHints":{"allow":["GET"]}}],"collection":[{"href":"https:\/\/euamotrico.com.br\/loja\/wp-json\/wp\/v2\/product"}],"about":[{"href":"https:\/\/euamotrico.com.br\/loja\/wp-json\/wp\/v2\/types\/product"}],"replies":[{"embeddable":true,"href":"https:\/\/euamotrico.com.br\/loja\/wp-json\/wp\/v2\/comments?post=4930"}],"version-history":[{"count":1,"href":"https:\/\/euamotrico.com.br\/loja\/wp-json\/wp\/v2\/product\/4930\/revisions"}],"predecessor-version":[{"id":4932,"href":"https:\/\/euamotrico.com.br\/loja\/wp-json\/wp\/v2\/product\/4930\/revisions\/4932"}],"wp:featuredmedia":[{"embeddable":true,"href":"https:\/\/euamotrico.com.br\/loja\/wp-json\/wp\/v2\/media\/4931"}],"wp:attachment":[{"href":"https:\/\/euamotrico.com.br\/loja\/wp-json\/wp\/v2\/media?parent=4930"}],"curies":[{"name":"wp","href":"https:\/\/api.w.org\/{rel}","templated":true}]}}