{"id":5147,"date":"2023-06-06T19:06:30","date_gmt":"2023-06-06T19:06:30","guid":{"rendered":"https:\/\/euamotrico.com.br\/loja\/?post_type=product&#038;p=5147"},"modified":"2024-01-30T12:30:45","modified_gmt":"2024-01-30T12:30:45","slug":"kit-amigurumi-ursinho","status":"publish","type":"product","link":"https:\/\/euamotrico.com.br\/loja\/produto\/kit-amigurumi-ursinho\/","title":{"rendered":"Kit Amigurumi Bichinhos Dorminhocos &#8211; Ursinho"},"content":{"rendered":"<div class=\"produto-detalhe__conteudo\">\n<p>O Kit Amigurumi &#8211; Bichinhos Dorminhocos conta com cinco modelos superfofos: Cachorro, Coala, Gatinho, Hipop\u00f3tamo e Ursinho. Todos os kits cont\u00eam todo o material necess\u00e1rio para a produ\u00e7\u00e3o de amigurumis sonolentos e apaixonantes! Confeccionados com o fio Amigurumi Pel\u00facia.<\/p>\n<p>&nbsp;<\/p>\n<p><strong>DADOS T\u00c9CNICOS<\/strong><\/p>\n<p>Este kit cont\u00e9m:<br \/>\n1 novelo de Amigurumi Pel\u00facia;<br \/>\n1 meada de 4 metros de Amigurumi Maxi;<br \/>\nAgulha para croch\u00ea &#8211; 3,5 mm;<br \/>\nAgulha de tape\u00e7aria n\u00ba 14;<br \/>\nFibra de enchimento \u2013 40 g;<br \/>\nMarcador de ponto Cadeado.<br \/>\nQuantidade de cores: 05<\/p>\n<\/div>\n","protected":false},"excerpt":{"rendered":"<p>O Kit Amigurumi &#8211; Bichinhos Dorminhocos conta com cinco modelos superfofos: Cachorro, Coala, Gatinho, Hipop\u00f3tamo e Ursinho. Todos os kits cont\u00eam todo o material necess\u00e1rio para a produ\u00e7\u00e3o de amigurumis sonolentos e apaixonantes! Confeccionados com o fio Amigurumi Pel\u00facia. &nbsp; DADOS T\u00c9CNICOS Este kit cont\u00e9m: 1 novelo de Amigurumi Pel\u00facia; 1 meada de 4 metros &hellip;<\/p>\n<p class=\"read-more\"> <a class=\"\" href=\"https:\/\/euamotrico.com.br\/loja\/produto\/kit-amigurumi-ursinho\/\"> <span class=\"screen-reader-text\">Kit Amigurumi Bichinhos Dorminhocos &#8211; Ursinho<\/span> Leia mais &raquo;<\/a><\/p>\n","protected":false},"featured_media":5148,"comment_status":"open","ping_status":"closed","template":"","meta":[],"class_list":["post-5147","product","type-product","status-publish","has-post-thumbnail","hentry","product_cat-novelo","product_tag-novelo"],"jetpack_sharing_enabled":true,"_links":{"self":[{"href":"https:\/\/euamotrico.com.br\/loja\/wp-json\/wp\/v2\/product\/5147","targetHints":{"allow":["GET"]}}],"collection":[{"href":"https:\/\/euamotrico.com.br\/loja\/wp-json\/wp\/v2\/product"}],"about":[{"href":"https:\/\/euamotrico.com.br\/loja\/wp-json\/wp\/v2\/types\/product"}],"replies":[{"embeddable":true,"href":"https:\/\/euamotrico.com.br\/loja\/wp-json\/wp\/v2\/comments?post=5147"}],"version-history":[{"count":1,"href":"https:\/\/euamotrico.com.br\/loja\/wp-json\/wp\/v2\/product\/5147\/revisions"}],"predecessor-version":[{"id":5149,"href":"https:\/\/euamotrico.com.br\/loja\/wp-json\/wp\/v2\/product\/5147\/revisions\/5149"}],"wp:featuredmedia":[{"embeddable":true,"href":"https:\/\/euamotrico.com.br\/loja\/wp-json\/wp\/v2\/media\/5148"}],"wp:attachment":[{"href":"https:\/\/euamotrico.com.br\/loja\/wp-json\/wp\/v2\/media?parent=5147"}],"curies":[{"name":"wp","href":"https:\/\/api.w.org\/{rel}","templated":true}]}}