{"id":5244,"date":"2023-07-18T01:51:57","date_gmt":"2023-07-18T01:51:57","guid":{"rendered":"https:\/\/euamotrico.com.br\/loja\/?post_type=product&#038;p=5244"},"modified":"2024-01-30T12:29:59","modified_gmt":"2024-01-30T12:29:59","slug":"fio-avela-1748","status":"publish","type":"product","link":"https:\/\/euamotrico.com.br\/loja\/produto\/fio-avela-1748\/","title":{"rendered":"Fio Avel\u00e3 1748"},"content":{"rendered":"<h2 class=\"produto-detalhe__subtitulo\">DADOS T\u00c9CNICOS<\/h2>\n<div class=\"produto-detalhe__conteudo\">\n<p>Composi\u00e7\u00e3o: 60% algod\u00e3o e 40% acr\u00edlico<\/p>\n<p>Fio: 512 tex | 100 g | 3,52 oz | 195m | 231jds<\/p>\n<p>Agulha croch\u00ea: 2,5 mm a 4,0 mm<\/p>\n<p>Agulhas tric\u00f4: 3,0 mm a 5,0 mm<\/p>\n<p>Quantidade de cores: 20<\/p>\n<\/div>\n","protected":false},"excerpt":{"rendered":"<p>DADOS T\u00c9CNICOS Composi\u00e7\u00e3o: 60% algod\u00e3o e 40% acr\u00edlico Fio: 512 tex | 100 g | 3,52 oz | 195m | 231jds Agulha croch\u00ea: 2,5 mm a 4,0 mm Agulhas tric\u00f4: 3,0 mm a 5,0 mm Quantidade de cores: 20<\/p>\n","protected":false},"featured_media":5245,"comment_status":"open","ping_status":"closed","template":"","meta":[],"class_list":["post-5244","product","type-product","status-publish","has-post-thumbnail","hentry","product_cat-novelo","product_tag-novelo"],"jetpack_sharing_enabled":true,"_links":{"self":[{"href":"https:\/\/euamotrico.com.br\/loja\/wp-json\/wp\/v2\/product\/5244","targetHints":{"allow":["GET"]}}],"collection":[{"href":"https:\/\/euamotrico.com.br\/loja\/wp-json\/wp\/v2\/product"}],"about":[{"href":"https:\/\/euamotrico.com.br\/loja\/wp-json\/wp\/v2\/types\/product"}],"replies":[{"embeddable":true,"href":"https:\/\/euamotrico.com.br\/loja\/wp-json\/wp\/v2\/comments?post=5244"}],"version-history":[{"count":1,"href":"https:\/\/euamotrico.com.br\/loja\/wp-json\/wp\/v2\/product\/5244\/revisions"}],"predecessor-version":[{"id":5246,"href":"https:\/\/euamotrico.com.br\/loja\/wp-json\/wp\/v2\/product\/5244\/revisions\/5246"}],"wp:featuredmedia":[{"embeddable":true,"href":"https:\/\/euamotrico.com.br\/loja\/wp-json\/wp\/v2\/media\/5245"}],"wp:attachment":[{"href":"https:\/\/euamotrico.com.br\/loja\/wp-json\/wp\/v2\/media?parent=5244"}],"curies":[{"name":"wp","href":"https:\/\/api.w.org\/{rel}","templated":true}]}}

Fio Avelã 1748

<h2 class="produto-detalhe__subtitulo">DADOS TÉCNICOS</h2>
<div class="produto-detalhe__conteudo">
<p>Composição: 60% algodão e 40% acrílico</p>
<p>Fio: 512 tex | 100 g | 3,52 oz | 195m | 231jds</p>
<p>Agulha crochê: 2,5 mm a 4,0 mm</p>
<p>Agulhas tricô: 3,0 mm a 5,0 mm</p>
<p>Quantidade de cores: 20</p>
</div>

<p>DADOS TÉCNICOS Composição: 60% algodão e 40% acrílico Fio: 512 tex | 100 g | 3,52 oz | 195m | 231jds Agulha crochê: 2,5 mm a 4,0 mm Agulhas tricô: 3,0 mm a 5,0 mm Quantidade de cores: 20</p>
