{"id":5254,"date":"2023-07-18T02:02:23","date_gmt":"2023-07-18T02:02:23","guid":{"rendered":"https:\/\/euamotrico.com.br\/loja\/?post_type=product&#038;p=5254"},"modified":"2023-07-18T04:08:21","modified_gmt":"2023-07-18T04:08:21","slug":"fio-avela-7825","status":"publish","type":"product","link":"https:\/\/euamotrico.com.br\/loja\/produto\/fio-avela-7825\/","title":{"rendered":"Fio Avel\u00e3 7825"},"content":{"rendered":"<h2 class=\"produto-detalhe__subtitulo\">DADOS T\u00c9CNICOS<\/h2>\n<div class=\"produto-detalhe__conteudo\">\n<p>&nbsp;<\/p>\n<p>Composi\u00e7\u00e3o: 60% algod\u00e3o e 40% acr\u00edlico<\/p>\n<p>Fio: 512 tex | 100 g | 3,52 oz | 195m | 231jds<\/p>\n<p>Agulha croch\u00ea: 2,5 mm a 4,0 mm<\/p>\n<p>Agulhas tric\u00f4: 3,0 mm a 5,0 mm<\/p>\n<p>Quantidade de cores: 20<\/p>\n<\/div>\n","protected":false},"excerpt":{"rendered":"<p>DADOS T\u00c9CNICOS &nbsp; Composi\u00e7\u00e3o: 60% algod\u00e3o e 40% acr\u00edlico Fio: 512 tex | 100 g | 3,52 oz | 195m | 231jds Agulha croch\u00ea: 2,5 mm a 4,0 mm Agulhas tric\u00f4: 3,0 mm a 5,0 mm Quantidade de cores: 20<\/p>\n","protected":false},"featured_media":5255,"comment_status":"open","ping_status":"closed","template":"","meta":[],"class_list":["post-5254","product","type-product","status-publish","has-post-thumbnail","hentry","product_cat-novelo","product_tag-novelo"],"jetpack_sharing_enabled":true,"_links":{"self":[{"href":"https:\/\/euamotrico.com.br\/loja\/wp-json\/wp\/v2\/product\/5254","targetHints":{"allow":["GET"]}}],"collection":[{"href":"https:\/\/euamotrico.com.br\/loja\/wp-json\/wp\/v2\/product"}],"about":[{"href":"https:\/\/euamotrico.com.br\/loja\/wp-json\/wp\/v2\/types\/product"}],"replies":[{"embeddable":true,"href":"https:\/\/euamotrico.com.br\/loja\/wp-json\/wp\/v2\/comments?post=5254"}],"version-history":[{"count":1,"href":"https:\/\/euamotrico.com.br\/loja\/wp-json\/wp\/v2\/product\/5254\/revisions"}],"predecessor-version":[{"id":5256,"href":"https:\/\/euamotrico.com.br\/loja\/wp-json\/wp\/v2\/product\/5254\/revisions\/5256"}],"wp:featuredmedia":[{"embeddable":true,"href":"https:\/\/euamotrico.com.br\/loja\/wp-json\/wp\/v2\/media\/5255"}],"wp:attachment":[{"href":"https:\/\/euamotrico.com.br\/loja\/wp-json\/wp\/v2\/media?parent=5254"}],"curies":[{"name":"wp","href":"https:\/\/api.w.org\/{rel}","templated":true}]}}

Fio Avelã 7825

<h2 class="produto-detalhe__subtitulo">DADOS TÉCNICOS</h2>
<div class="produto-detalhe__conteudo">
<p>&nbsp;</p>
<p>Composição: 60% algodão e 40% acrílico</p>
<p>Fio: 512 tex | 100 g | 3,52 oz | 195m | 231jds</p>
<p>Agulha crochê: 2,5 mm a 4,0 mm</p>
<p>Agulhas tricô: 3,0 mm a 5,0 mm</p>
<p>Quantidade de cores: 20</p>
</div>

<p>DADOS TÉCNICOS &nbsp; Composição: 60% algodão e 40% acrílico Fio: 512 tex | 100 g | 3,52 oz | 195m | 231jds Agulha crochê: 2,5 mm a 4,0 mm Agulhas tricô: 3,0 mm a 5,0 mm Quantidade de cores: 20</p>
