{"id":5413,"date":"2023-07-27T20:17:37","date_gmt":"2023-07-27T20:17:37","guid":{"rendered":"https:\/\/euamotrico.com.br\/loja\/?post_type=product&#038;p=5413"},"modified":"2024-01-30T12:27:51","modified_gmt":"2024-01-30T12:27:51","slug":"fio-shock-6142","status":"publish","type":"product","link":"https:\/\/euamotrico.com.br\/loja\/produto\/fio-shock-6142\/","title":{"rendered":"Fio Shock 6142"},"content":{"rendered":"<h2 class=\"produto-detalhe__subtitulo\">DADOS T\u00c9CNICOS<\/h2>\n<div class=\"produto-detalhe__conteudo\">\n<div class=\"produto-detalhe__conteudo\">\n<p>Cont\u00e9m: 100 g<br \/>\nComprimento: 162 mt<br \/>\nComposi\u00e7\u00e3o: 100% Acr\u00edlico<br \/>\nTex:617 Tex<br \/>\nMarca:C\u00edrculo<\/p>\n<p>Agulha indicadas Trico &#8211; 4mm e 6mm \/ Croch\u00ea &#8211; 3,50mm e 6,0mm<\/p>\n<p>* As cores podem variar dependendo das configura\u00e7\u00f5es do seu monitor e n\u00famero de lote do produto.<\/p>\n<\/div>\n<\/div>\n","protected":false},"excerpt":{"rendered":"<p>DADOS T\u00c9CNICOS Cont\u00e9m: 100 g Comprimento: 162 mt Composi\u00e7\u00e3o: 100% Acr\u00edlico Tex:617 Tex Marca:C\u00edrculo Agulha indicadas Trico &#8211; 4mm e 6mm \/ Croch\u00ea &#8211; 3,50mm e 6,0mm * As cores podem variar dependendo das configura\u00e7\u00f5es do seu monitor e n\u00famero de lote do produto.<\/p>\n","protected":false},"featured_media":5414,"comment_status":"open","ping_status":"closed","template":"","meta":[],"class_list":["post-5413","product","type-product","status-publish","has-post-thumbnail","hentry","product_cat-novelo","product_tag-novelo"],"jetpack_sharing_enabled":true,"_links":{"self":[{"href":"https:\/\/euamotrico.com.br\/loja\/wp-json\/wp\/v2\/product\/5413","targetHints":{"allow":["GET"]}}],"collection":[{"href":"https:\/\/euamotrico.com.br\/loja\/wp-json\/wp\/v2\/product"}],"about":[{"href":"https:\/\/euamotrico.com.br\/loja\/wp-json\/wp\/v2\/types\/product"}],"replies":[{"embeddable":true,"href":"https:\/\/euamotrico.com.br\/loja\/wp-json\/wp\/v2\/comments?post=5413"}],"version-history":[{"count":2,"href":"https:\/\/euamotrico.com.br\/loja\/wp-json\/wp\/v2\/product\/5413\/revisions"}],"predecessor-version":[{"id":5416,"href":"https:\/\/euamotrico.com.br\/loja\/wp-json\/wp\/v2\/product\/5413\/revisions\/5416"}],"wp:featuredmedia":[{"embeddable":true,"href":"https:\/\/euamotrico.com.br\/loja\/wp-json\/wp\/v2\/media\/5414"}],"wp:attachment":[{"href":"https:\/\/euamotrico.com.br\/loja\/wp-json\/wp\/v2\/media?parent=5413"}],"curies":[{"name":"wp","href":"https:\/\/api.w.org\/{rel}","templated":true}]}}