{"id":5704,"date":"2024-01-30T13:30:08","date_gmt":"2024-01-30T13:30:08","guid":{"rendered":"https:\/\/euamotrico.com.br\/loja\/?post_type=product&#038;p=5704"},"modified":"2025-09-09T23:31:47","modified_gmt":"2025-09-09T23:31:47","slug":"298-faixa-de-cabeca","status":"publish","type":"product","link":"https:\/\/euamotrico.com.br\/loja\/produto\/298-faixa-de-cabeca\/","title":{"rendered":"#298 &#8211; Faixa de Cabe\u00e7a"},"content":{"rendered":"\t\t<div data-elementor-type=\"wp-post\" data-elementor-id=\"5704\" class=\"elementor elementor-5704\">\n\t\t\t\t\t\t<section class=\"elementor-section elementor-top-section elementor-element elementor-element-2c94799 elementor-section-boxed elementor-section-height-default elementor-section-height-default\" data-id=\"2c94799\" data-element_type=\"section\">\n\t\t\t\t\t\t<div class=\"elementor-container elementor-column-gap-default\">\n\t\t\t\t\t<div class=\"elementor-column elementor-col-100 elementor-top-column elementor-element elementor-element-398bb909\" data-id=\"398bb909\" data-element_type=\"column\">\n\t\t\t<div class=\"elementor-widget-wrap elementor-element-populated\">\n\t\t\t\t\t\t<div class=\"elementor-element elementor-element-7811a19e elementor-widget elementor-widget-text-editor\" data-id=\"7811a19e\" data-element_type=\"widget\" data-widget_type=\"text-editor.default\">\n\t\t\t\t<div class=\"elementor-widget-container\">\n\t\t\t\t\t\t\t\t\t<p>Aqui voc\u00ea encontra o PDF desta receita. A receita escrita vem com a orienta\u00e7\u00e3o para um xale\u00a0 \u00a0(feita em agulhas circulares para acomodar melhor os pontos). A receita inclui lista de materiais, lista de substitui\u00e7\u00e3o do fio, amostra, foto, medidas com um desenho e carreiras descritas uma por uma para a execu\u00e7\u00e3o da pe\u00e7a (n\u00e3o tem gr\u00e1fico do ponto, ele \u00e9 descrito carreira por carreira). \u00c9 uma pe\u00e7a para n\u00edvel iniciante no tric\u00f4 portanto conhecer os pontos b\u00e1sicos e t\u00e9cnicas no tric\u00f4 facilita a compreens\u00e3o da receita escrita.\u00a0<\/p><p>Ao comprar, voc\u00ea tem acesso ao local de download do arquivo em PDF dispon\u00edvel aqui no site.<\/p><p>Para baixar a receita ap\u00f3s comprar:<br \/>1. Entre na loja com seu cadastro.<br \/>2. Clique em Minha Conta no menu superior.<br \/>3. Clique em Download (3\u00aa op\u00e7\u00e3o no menu \u00e0 esquerda).<\/p><p>Este produto \u00e9 digital, ap\u00f3s sua compra, <strong>n\u00e3o aceitamos trocas ou devolu\u00e7\u00f5es<\/strong>. Qualquer d\u00favida entre em contato por: loja@euamotrico.com.br<\/p><p>\u2764<\/p>\t\t\t\t\t\t\t\t<\/div>\n\t\t\t\t<\/div>\n\t\t\t\t\t<\/div>\n\t\t<\/div>\n\t\t\t\t\t<\/div>\n\t\t<\/section>\n\t\t\t\t<\/div>\n\t\t","protected":false},"excerpt":{"rendered":"<p>Aqui voc\u00ea encontra o PDF desta receita escrita. Se voc\u00ea \u00e9 membro do Jardim esta receita est\u00e1 dispon\u00edvel para voc\u00ea no pr\u00f3prio Jardim com v\u00eddeo do passo a passo carreira por carreira.<\/p>\n","protected":false},"featured_media":5705,"comment_status":"open","ping_status":"closed","template":"","meta":[],"class_list":["post-5704","product","type-product","status-publish","has-post-thumbnail","hentry","product_cat-pecas-para-adultos","product_cat-receita-de-trico","product_cat-receitas-escritas","product_tag-acessorio","product_tag-faixa","product_tag-pecas-para-adultos","product_tag-receitas-escritas"],"jetpack_sharing_enabled":true,"_links":{"self":[{"href":"https:\/\/euamotrico.com.br\/loja\/wp-json\/wp\/v2\/product\/5704","targetHints":{"allow":["GET"]}}],"collection":[{"href":"https:\/\/euamotrico.com.br\/loja\/wp-json\/wp\/v2\/product"}],"about":[{"href":"https:\/\/euamotrico.com.br\/loja\/wp-json\/wp\/v2\/types\/product"}],"replies":[{"embeddable":true,"href":"https:\/\/euamotrico.com.br\/loja\/wp-json\/wp\/v2\/comments?post=5704"}],"version-history":[{"count":1,"href":"https:\/\/euamotrico.com.br\/loja\/wp-json\/wp\/v2\/product\/5704\/revisions"}],"predecessor-version":[{"id":5706,"href":"https:\/\/euamotrico.com.br\/loja\/wp-json\/wp\/v2\/product\/5704\/revisions\/5706"}],"wp:featuredmedia":[{"embeddable":true,"href":"https:\/\/euamotrico.com.br\/loja\/wp-json\/wp\/v2\/media\/5705"}],"wp:attachment":[{"href":"https:\/\/euamotrico.com.br\/loja\/wp-json\/wp\/v2\/media?parent=5704"}],"curies":[{"name":"wp","href":"https:\/\/api.w.org\/{rel}","templated":true}]}}

#298 &#8211; Faixa de Cabeça

<div data-elementor-type="wp-post" data-elementor-id="5704" class="elementor elementor-5704">
						<section class="elementor-section elementor-top-section elementor-element elementor-element-2c94799 elementor-section-boxed elementor-section-height-default elementor-section-height-default" data-id="2c94799" data-element_type="section">
						<div class="elementor-container elementor-column-gap-default">
					<div class="elementor-column elementor-col-100 elementor-top-column elementor-element elementor-element-398bb909" data-id="398bb909" data-element_type="column">
			<div class="elementor-widget-wrap elementor-element-populated">
						<div class="elementor-element elementor-element-7811a19e elementor-widget elementor-widget-text-editor" data-id="7811a19e" data-element_type="widget" data-widget_type="text-editor.default">
				<div class="elementor-widget-container">
									<p>Aqui você encontra o PDF desta receita. A receita escrita vem com a orientação para um xale   (feita em agulhas circulares para acomodar melhor os pontos). A receita inclui lista de materiais, lista de substituição do fio, amostra, foto, medidas com um desenho e carreiras descritas uma por uma para a execução da peça (não tem gráfico do ponto, ele é descrito carreira por carreira). É uma peça para nível iniciante no tricô portanto conhecer os pontos básicos e técnicas no tricô facilita a compreensão da receita escrita. </p><p>Ao comprar, você tem acesso ao local de download do arquivo em PDF disponível aqui no site.</p><p>Para baixar a receita após comprar:<br />1. Entre na loja com seu cadastro.<br />2. Clique em Minha Conta no menu superior.<br />3. Clique em Download (3ª opção no menu à esquerda).</p><p>Este produto é digital, após sua compra, <strong>não aceitamos trocas ou devoluções</strong>. Qualquer dúvida entre em contato por: loja@euamotrico.com.br</p><p>❤</p>								</div>
				</div>
					</div>
		</div>
					</div>
		</section>
				</div>

<p>Aqui você encontra o PDF desta receita escrita. Se você é membro do Jardim esta receita está disponível para você no próprio Jardim com vídeo do passo a passo carreira por carreira.</p>
