{"id":5923,"date":"2024-10-24T14:08:31","date_gmt":"2024-10-24T14:08:31","guid":{"rendered":"https:\/\/euamotrico.com.br\/loja\/?post_type=product&#038;p=5923"},"modified":"2024-12-05T16:10:55","modified_gmt":"2024-12-05T16:10:55","slug":"calendario-fundo-escuro","status":"publish","type":"product","link":"https:\/\/euamotrico.com.br\/loja\/produto\/calendario-fundo-escuro\/","title":{"rendered":"Calend\u00e1rio Im\u00e3 de Geladeira 2025 &#8211; Modelo Fundo Escuro"},"content":{"rendered":"<p>Calend\u00e1rio de 2025 com \u00edm\u00e3. O desenho eu desenvolvi para celebrar a natureza na forma de mulheres. Eu me inspirei no meu filho com seus cabelos pretos e cacheados. Nos cabelos novelos que lembram flores e frutos.<\/p>\n<p>Fiz duas vers\u00f5es, uma mais jovem e outra mais madura, simbolizando o processo de crescimento das plantas e claro, de todos n\u00f3s.<\/p>\n<p>Eles t\u00eam 10cm de altura por 5 de largura, ap\u00f3s o uso como calend\u00e1rio (ap\u00f3s destacar todos os meses) voc\u00ea pode manter o \u00edm\u00e3 decorativo.<\/p>\n<p>O valor do frete \u00e9 R$2,55 (valor m\u00ednimo cobrado pelos correios para envio de uma carta) e j\u00e1 est\u00e1 inclu\u00eddo no valor do produto, portanto o frete n\u00e3o ser\u00e1 cobrado novamente.<\/p>\n<p>Feliz 2025!<\/p>\n","protected":false},"excerpt":{"rendered":"<p>Calend\u00e1rio de 2025 com \u00edm\u00e3. O desenho eu desenvolvi para celebrar a natureza na forma de mulheres. Eu me inspirei no meu filho com seus cabelos pretos e cacheados. Nos cabelos novelos que lembram flores e frutos. Fiz duas vers\u00f5es, uma mais jovem e outra mais madura, simbolizando o processo de crescimento das plantas e &hellip;<\/p>\n<p class=\"read-more\"> <a class=\"\" href=\"https:\/\/euamotrico.com.br\/loja\/produto\/calendario-fundo-escuro\/\"> <span class=\"screen-reader-text\">Calend\u00e1rio Im\u00e3 de Geladeira 2025 &#8211; Modelo Fundo Escuro<\/span> Leia mais &raquo;<\/a><\/p>\n","protected":false},"featured_media":5924,"comment_status":"open","ping_status":"closed","template":"","meta":[],"class_list":["post-5923","product","type-product","status-publish","has-post-thumbnail","hentry","product_cat-souvenirs"],"jetpack_sharing_enabled":true,"_links":{"self":[{"href":"https:\/\/euamotrico.com.br\/loja\/wp-json\/wp\/v2\/product\/5923","targetHints":{"allow":["GET"]}}],"collection":[{"href":"https:\/\/euamotrico.com.br\/loja\/wp-json\/wp\/v2\/product"}],"about":[{"href":"https:\/\/euamotrico.com.br\/loja\/wp-json\/wp\/v2\/types\/product"}],"replies":[{"embeddable":true,"href":"https:\/\/euamotrico.com.br\/loja\/wp-json\/wp\/v2\/comments?post=5923"}],"version-history":[{"count":1,"href":"https:\/\/euamotrico.com.br\/loja\/wp-json\/wp\/v2\/product\/5923\/revisions"}],"predecessor-version":[{"id":5927,"href":"https:\/\/euamotrico.com.br\/loja\/wp-json\/wp\/v2\/product\/5923\/revisions\/5927"}],"wp:featuredmedia":[{"embeddable":true,"href":"https:\/\/euamotrico.com.br\/loja\/wp-json\/wp\/v2\/media\/5924"}],"wp:attachment":[{"href":"https:\/\/euamotrico.com.br\/loja\/wp-json\/wp\/v2\/media?parent=5923"}],"curies":[{"name":"wp","href":"https:\/\/api.w.org\/{rel}","templated":true}]}}

Calendário Imã de Geladeira 2025 &#8211; Modelo Fundo Escuro

<p>Calendário de 2025 com ímã. O desenho eu desenvolvi para celebrar a natureza na forma de mulheres. Eu me inspirei no meu filho com seus cabelos pretos e cacheados. Nos cabelos novelos que lembram flores e frutos.</p>
<p>Fiz duas versões, uma mais jovem e outra mais madura, simbolizando o processo de crescimento das plantas e claro, de todos nós.</p>
<p>Eles têm 10cm de altura por 5 de largura, após o uso como calendário (após destacar todos os meses) você pode manter o ímã decorativo.</p>
<p>O valor do frete é R$2,55 (valor mínimo cobrado pelos correios para envio de uma carta) e já está incluído no valor do produto, portanto o frete não será cobrado novamente.</p>
<p>Feliz 2025!</p>

<p>Calendário de 2025 com ímã. O desenho eu desenvolvi para celebrar a natureza na forma de mulheres. Eu me inspirei no meu filho com seus cabelos pretos e cacheados. Nos cabelos novelos que lembram flores e frutos. Fiz duas versões, uma mais jovem e outra mais madura, simbolizando o processo de crescimento das plantas e &hellip;</p>
<p class="read-more"> <a class="" href="https://euamotrico.com.br/loja/produto/calendario-fundo-escuro/"> <span class="screen-reader-text">Calendário Imã de Geladeira 2025 &#8211; Modelo Fundo Escuro</span> Leia mais &raquo;</a></p>
