{"id":6281,"date":"2026-01-27T00:21:55","date_gmt":"2026-01-27T00:21:55","guid":{"rendered":"https:\/\/euamotrico.com.br\/loja\/?post_type=product&#038;p=6281"},"modified":"2026-01-27T00:23:51","modified_gmt":"2026-01-27T00:23:51","slug":"j47-cardigan-azul-0-3-meses","status":"publish","type":"product","link":"https:\/\/euamotrico.com.br\/loja\/produto\/j47-cardigan-azul-0-3-meses\/","title":{"rendered":"#J47- Cardigan Azul 0-3 Meses"},"content":{"rendered":"<p><strong>Aten\u00e7\u00e3o: se voc\u00ea deseja comprar o PDF desta receita por PIX atrav\u00e9s do whatsapp basta me mandar um oi.<\/strong><\/p>\n<p>Meu contato:\u00a0 (62) 9 8236-3289<\/p>\n<p>Aqui voc\u00ea encontra o PDF desta receita. A receita inclui lista de materiais para inverno e ver\u00e3o, amostra, fotos, medidas com um desenho e carreiras escritas. \u00c9 uma pe\u00e7a para n\u00edvel intermedi\u00e1rio no tric\u00f4 portanto conhecer os pontos b\u00e1sicos, tran\u00e7as e t\u00e9cnicas no tric\u00f4 facilita a compreens\u00e3o da receita escrita.<\/p>\n<p>Ao comprar, voc\u00ea tem acesso ao local de download do arquivo em PDF dispon\u00edvel aqui no site.<\/p>\n<p>Para baixar a receita ap\u00f3s comprar:<br \/>\n1. Entre na loja com seu cadastro.<br \/>\n2. Clique em Minha Conta no menu superior.<br \/>\n3. Clique em Download (3\u00aa op\u00e7\u00e3o no menu \u00e0 esquerda).<\/p>\n<p>Este produto \u00e9 digital, ap\u00f3s sua compra, <strong>n\u00e3o aceitamos trocas ou devolu\u00e7\u00f5es<\/strong>. Qualquer d\u00favida entre em contato por: loja@euamotrico.com.br<\/p>\n<p>\u2764<\/p>\n","protected":false},"excerpt":{"rendered":"<p>Aten\u00e7\u00e3o: se voc\u00ea deseja comprar o PDF desta receita por PIX atrav\u00e9s do whatsapp basta me mandar um oi. Meu contato:\u00a0 (62) 9 8236-3289 Aqui voc\u00ea encontra o PDF desta receita. A receita inclui lista de materiais para inverno e ver\u00e3o, amostra, fotos, medidas com um desenho e carreiras escritas. \u00c9 uma pe\u00e7a para n\u00edvel &hellip;<\/p>\n<p class=\"read-more\"> <a class=\"\" href=\"https:\/\/euamotrico.com.br\/loja\/produto\/j47-cardigan-azul-0-3-meses\/\"> <span class=\"screen-reader-text\">#J47- Cardigan Azul 0-3 Meses<\/span> Leia mais &raquo;<\/a><\/p>\n","protected":false},"featured_media":6283,"comment_status":"open","ping_status":"closed","template":"","meta":[],"class_list":["post-6281","product","type-product","status-publish","has-post-thumbnail","hentry","product_cat-receita-de-bebe","product_cat-receitas-escritas","product_cat-top-down","product_tag-casaco","product_tag-pecas-para-bebes","product_tag-receitas-escritas","product_tag-top-down"],"jetpack_sharing_enabled":true,"_links":{"self":[{"href":"https:\/\/euamotrico.com.br\/loja\/wp-json\/wp\/v2\/product\/6281","targetHints":{"allow":["GET"]}}],"collection":[{"href":"https:\/\/euamotrico.com.br\/loja\/wp-json\/wp\/v2\/product"}],"about":[{"href":"https:\/\/euamotrico.com.br\/loja\/wp-json\/wp\/v2\/types\/product"}],"replies":[{"embeddable":true,"href":"https:\/\/euamotrico.com.br\/loja\/wp-json\/wp\/v2\/comments?post=6281"}],"version-history":[{"count":2,"href":"https:\/\/euamotrico.com.br\/loja\/wp-json\/wp\/v2\/product\/6281\/revisions"}],"predecessor-version":[{"id":6286,"href":"https:\/\/euamotrico.com.br\/loja\/wp-json\/wp\/v2\/product\/6281\/revisions\/6286"}],"wp:featuredmedia":[{"embeddable":true,"href":"https:\/\/euamotrico.com.br\/loja\/wp-json\/wp\/v2\/media\/6283"}],"wp:attachment":[{"href":"https:\/\/euamotrico.com.br\/loja\/wp-json\/wp\/v2\/media?parent=6281"}],"curies":[{"name":"wp","href":"https:\/\/api.w.org\/{rel}","templated":true}]}}

<p><strong>Atenção: se você deseja comprar o PDF desta receita por PIX através do whatsapp basta me mandar um oi.</strong></p>
<p>Meu contato:  (62) 9 8236-3289</p>
<p>Aqui você encontra o PDF desta receita. A receita inclui lista de materiais para inverno e verão, amostra, fotos, medidas com um desenho e carreiras escritas. É uma peça para nível intermediário no tricô portanto conhecer os pontos básicos, tranças e técnicas no tricô facilita a compreensão da receita escrita.</p>
<p>Ao comprar, você tem acesso ao local de download do arquivo em PDF disponível aqui no site.</p>
<p>Para baixar a receita após comprar:<br />
1. Entre na loja com seu cadastro.<br />
2. Clique em Minha Conta no menu superior.<br />
3. Clique em Download (3ª opção no menu à esquerda).</p>
<p>Este produto é digital, após sua compra, <strong>não aceitamos trocas ou devoluções</strong>. Qualquer dúvida entre em contato por: loja@euamotrico.com.br</p>
<p>❤</p>

<p>Atenção: se você deseja comprar o PDF desta receita por PIX através do whatsapp basta me mandar um oi. Meu contato:  (62) 9 8236-3289 Aqui você encontra o PDF desta receita. A receita inclui lista de materiais para inverno e verão, amostra, fotos, medidas com um desenho e carreiras escritas. É uma peça para nível &hellip;</p>
<p class="read-more"> <a class="" href="https://euamotrico.com.br/loja/produto/j47-cardigan-azul-0-3-meses/"> <span class="screen-reader-text">#J47- Cardigan Azul 0-3 Meses</span> Leia mais &raquo;</a></p>
